e of (-34 - (-26 - (-27 - -68))) + -135?
-102
Calculate (29 - -10 - 122) + (-9 + 5 - 5).
-92
Evaluate -13 + (-53 - (-98 - 16)).
48
-131 - (-70 + -152) - 190
-99
Calculate (1114 - 1036) + (2 - 38).
42
What is the value of 1 - 125 - -5 - -20 - (-24 + 10)?
-85
Evaluate 23 + (19 - 3 - ((40 - (-3 + 21)) + -4)).
21
Evaluate (0 - (-1 - -10)) + (481 - (386 + 178)).
-92
Calculate -60 - -23 - (-1 + -4) - (-158 - -161).
-35
What is the value of 13 + -164 + 111 + -16?
-56
165 + -181 - (6 + -44 + -3)
25
Evaluate -54 + (75 - (-20 - -15)).
26
Calculate (9 - -18 - 79) + 70.
18
Evaluate 43 + (1 - 4) + -84.
-44
What is the value of (-18 - ((-12 - -4) + -16)) + -103 - (-12 + -1)?
-84
What is -1 - -98 - (-40 + -82 + 105 + 3)?
111
What is the value of 38 + -31 - (33 - 53)?
27
Evaluate 0 - -19 - (-23 + 29) - -19.
32
What is 1 - -39 - ((-21 - -3 - (4 + -11)) + 16)?
35
Evaluate (20 - 1) + (494 - 506) + 65.
72
What is the value of -6 - (-16 + (10 + -21 - -8))?
13
Evaluate -9 - (137 + 88 + -119).
-115
What is the value of -16 + 3 + -2 + -2 + 8 - (-51 - -60)?
-18
What is the value of (-1 + 104 - ((-31 - (23 - 36)) + 29)) + -7?
85
What is the value of (-67 + 36 - -17) + -2 + -5?
-21
Evaluate -9 + (29 + -18 - -5).
7
What is (72 + -16 - 30) + 0 + 12?
38
Calculate 15 + 8 + -21 + -5 + (28 - -4).
29
Evaluate (-2 - -25) + (1 - 34 - -40).
30
What is 29 + (22 - -46) + -8 + -35?
54
Evaluate (-2 - 8) + (-18 - -18) - (18 + 87 + 3).
-118
What is the value of 195 + -159 + 31 + -157?
-90
What is the value of -19 - -10 - 7 - -14 - (7 - (-9 + -27))?
-45
What is the value of -11 - ((61 - 3) + (2 + 2 - (52 - 36)))?
-57
Evaluate -14 + 55 + -16 + -33.
-8
Calculate 19 - (-33 - -88) - -29.
-7
What is 57 + (-1 + (-20 - -3) - 3)?
36
Evaluate -4 + -11 + -13 + (-3 - 9).
-40
What is (8 + 0 - (-38 + 120 + -68)) + 77?
71
Evaluate 7 + -4 + (10 - 2 - 5) + -18 + -62.
-74
Evaluate 314 + (35 - 285) + 0 + -37.
27
(-79 - -122) + -27 - (0 + -1 + -2)
19
Evaluate -85 - -83 - (-28 - -1).
25
What is the value of -5 - (13 + 4 + -12) - (26 - (7 - -33))?
4
Evaluate 154 + -113 + 33 + (-8 - (0 + 1)).
65
Evaluate -14 + ((-42 - 12) + -22 - -14).
-76
Calculate -5 - -5 - (143 + -135 + (-1 - -7)).
-14
Evaluate -9 + (-3 + 7 - (-2 - -7)) + 11 + 9.
10
Evaluate 47 - -10 - ((-114 - -108) + (2 - 7) + 1).
67
What is the value of 7 + 1 + 6 + (44 - 64)?
-6
Evaluate (-7 - -2) + (-133 - -81 - (-2 - 20 - -5)).
-40
Evaluate 117 + 9 + -4 - (1 - -2) - (804 - 803).
118
(13 - -5) + (-275 - -236)
-21
What is the value of 23 + (2 + -9 - (203 + -238))?
51
Calculate (9 - -61) + (-34 - 10).
26
Calculate (223 - 282) + 2 + 46 + 0 + 101 + -2.
88
(66 - (1 + 0 + -1 + -1)) + 30044 + -30038
73
What is -177 + 177 - (3 - (-4 - -16 - -3))?
12
Evaluate (-15 + (-11 - -8) - -48) + -12.
18
What is the value of -24 - -34 - (89 - (0 - -3) - (-9 + 2))?
-83
What is 47 + 35 + -80 + 30?
32
Calculate (2 - (4 + -2)) + 1 + 13 + -2 + -72.
-60
Calculate -34 - (26 - (23 - -10)).
-27
What is the value of (8 + (-6 - -7) - 7) + 7 - (-13 + -72)?
94
Calculate -49 + -11 + (-11 - (4 + (-14 - 15))).
-46
What is the value of 140 - (53 + (70 - -23))?
-6
-58 + 112 + -22 + 4 + -9 + 0
27
Calculate 105 - (-41 + 0 - -76).
70
(29 + (19 - 11) - 97) + -1
-61
What is 18 - (15 + 8 + (16 - 28))?
7
Evaluate 12 + -1 + (-6 - (12 + -2)) + 53 - 8.
40
What is the value of -74 + -1 + (-20 - -17 - (6 + (-9 - -5)))?
-80
What is the value of 19 + (12 - (15 + 2 + (8 - 5) + -6))?
17
Evaluate (93 - -32) + 102 + -162.
65
Evaluate -185 - (-50 - (98 - 49)).
-86
Evaluate 17 - (101 + -96 + (-9 - 1) + 1).
21
Evaluate 1 - 90 - ((-6 - 7) + (-10 - (4 + -31))).
-93
What is the value of (-13 - ((5 - (24 + -14)) + 5)) + 64?
51
Calculate -500 + 480 - (-5 - -43).
-58
What is 4 + (-1 - (-8 + 2)) - 4 - (-143 - -225)?
-77
What is the value of -1 - (-1 + -6 - -7 - (-5 - -16))?
10
Calculate 21 - (105 - 100) - (1 - 25).
40
What is the value of -52 + (-13 + 138 - 168)?
-95
Evaluate 9 + (-18 - -6) - 82 - (146 - 132).
-99
What is 50 - (52 + 14) - (-79 + 0)?
63
Evaluate (-17 - -116) + 26 - ((21 - 21) + -21).
146
(-94 - -49) + 44 + 31
30
-1 + 36 - ((-96 - -94) + 1 + -1 + 9)
28
26 - 19 - (67 - -4) - 5
-69
What is the value of (58 - (41 + 32)) + -54?
-69
22 + -1 - (44 - -33 - (17 + 17))
-22
Evaluate -11 + -1 - ((28 - -36) + -65).
-11
Calculate 0 + 44 + (-18 - (0 + (-12 - (0 - -9)))).
47
What is the value of 8 + (17 - 33) + (18 - -3 - 0) + -43?
-30
What is the value of -22 - 2 - (-4353 - -4241)?
88
What is 1764 + -1740 - (2 + 28)?
-6
What is the value of 7 - 57 - -25 - (-4 + 28)?
-49
Calculate -254 + 251 + 5 + 3 + -6 + (3 - -1).
3
What is the value of -37 + (130 - (0 + -9 + -9))?
111
What is (4 - -4) + 11 - (-1 - 13)?
33
Evaluate (7 - -1 - (-48 + (-38 - -35))) + -12.
47
What is -27 - (-20 - 66) - 92?
-33
What is the value of -1 - -11 - -30 - (-13 + 1 + 5)?
47
What is the value of (-118 - -41) + 15 + 13?
-49
What is 23 + 4 + -12 - (1 - (2 + -75))?
-59
What is the value of 8 + -4 - -9 - 3 - (-29 - -95 - 11)?
-45
Evaluate (-6 - 2) + 33 + 18 + -38 + -10.
-5
Calculate -35 - (-14 - -1) - (-36 + -32).
46
What is (-5 - (23 + -7 + -21) - (-87 + -1)) + -10?
78
What is the value of -2 + -27 + (-17 - -49) + (1 - -23)?
27
What is -2 + 2 - (-91 + 96 - (-1 - 3))?
-9
What is the value of (-16 - (-30 - 0)) + -36 + 44?
22
12 + (8 - (-5 - -7) - 14) + -72
-68
Evaluate 87 + -64 + 38 + -26.
35
What is the value of -4 - (2 - (13 - -12 - 10) - -50)?
-41
What is the value of -53 + (20 - (21 + -2)) + -27?
-79
What is -23 - -14 - (-1 + 5) - (-32 + -4)?
23
Evaluate -13 - -2 - (6 - (3 - 7 - -3) - -11).
-29
Calculate (-12 - -4) + -26 + (26 - -15).
7
-10 - ((9 - 8) + 1 + -14) - -50
52
Evaluate (-26 - 1) + -80 + 78 + -4.
-33
What is the value of -55 - (11 - 17) - -38?
-11
What is (-4 - 16) + 34 + (10 - 9)?
15
What is (63 - 87) + 27 + (0 - 1)?
2
-26 - (-157 + 124 + 0 + 21)
-14
What is the value of -15 + ((-6 - 14) + 2 + -5 + 19 - 110)?
-129
What is (2 + -5 - -3) + (-24 - -2 - (-64 + 117))?
-75
What is the value of -8 + (-2 - 4) + (-30 + 114 - 24)?
46
Evaluate 12 - 112 - -199 - 31.
68
What is the value of -20 + 1 + (14 - ((2 + -11 - -37) + -8))?
-25
Calculate -17 - (-3 - (21 + -11 + -3 + 2 + -6)).
-11
Calculate (5 - (-19 + 35)) + 12 + -6.
-5
Calculate 3 + -57 + 104 + -105.
-55
Evaluate (-17225 - -17198) + (1 - (26 + -1)).
-51
44 - -2 - (-2166 + 2191)
21
What is the value of -9 + (-2 - -1) - (55 + -4 + -8 + 14)?
-67
Calculate -12 + -95 + -10 - 11.
-128
What is the value of -81 + 53 + -17 + 34?
-11
Calculate -5 + (-2 - -4) + (1 - -1) + -23.
-24
Calculate -21 - ((-6 - -2) + -9 + -6 + 12).
-14
Calculate 6581 - 6747 - (-102 - 0).
-64
168 - 102 - 184 - -191
73
Calculate -33 + (78 - 110 - -99).
34
What is (-3 - (-3 - 3) - ((83 - 12) + 0)) + 12?
-56
What is the value of -222 + 145 + (38 - -38)?
-1
What is the value of -52 + 16 - (-648 + 648 - (0 - 0 - 14))?
-50
What is 51 + 16 + -21 - 33?
13
What is -77 - (-34 - (56 + -40))?
-27
What is (0 - -3) + -3 + -761 + 822?
61
What is the value of 83 + -4 - 83 - (121 - (-3 - -3))?
-125
What is the value of (53 - -25) + -35 - 113?
-70
-204 - (-146 - (-31 - 4))
-93
Evaluate (29 - (-60 + 100)) + (10 - (2 + -1)).
-2
What is the value of -37 + 7 + (0 - -11) + -11 + -11?
-41
What is (42 - 98) + 140 - 73?
11
1 - 23 - (12 - (67 - 72))
-39
Evaluate 2 + -36 + -2 + -8 + 23 + -35 + 18.
-38
What is the value of (15 + 1 - 4 - 0 - (46 - -3)) + -6?
-43
(398 - 437) + 21 + -3
-21
-21 + -30 + (39 - -23)
11
Evaluate -36 + (-68 + 135 - 53).
-22
Evaluate -7 + 0 - (763 + -722).
-48
What is the value of (-76 - -7) + (-232 - -316)?
15
What is the value of 0 + 2 + -8 - (43 + 28 + (8 - 44))?
-41
What is the value of (-53 - 6 - -33) + 36?
10
25 + (2 - (-17 - (-119 - -26)))
-49
(-34 - -20) + 11 - (0 - 1 - (22 + -17))
3
58 + (-8 + 13 + -5 - (-1 - -7))
52
Calculate -9 - ((99 - 57) + 46 + -8).
-89
(9 + 22 - 72) + 0 + 0 + 10
-31
What is 34 - 10 - (-49 - -76)?
-3
Calculate 64 - (36 - (43 - 69)).
2
-4 - (-12 + -11 - -3 - -4) - 12
0
What is (-2 + -35 - -54) + -62?
-45
What is (2 - (67 + -55)) + -58?
-68
-23 + -19 + -30 - (-8 + -17)
-47
Evaluate -1 + (-68 + 74 - (1 - -6)).
-2
What is the value of (3 - -3 - 8) + (14 - (20 - 14))?
6
0 + 3 - (384 + -332) - 26
-75
Calculate 33 - (-2 + 11 + -217 + 203 - 8).
46
Evaluate -4 - (-11 + 23) - -25 - (-2 - -2).
9
What is th